hat is z(2)?
-136
Let n(c) = 60*c**2 + 30145*c - 120565. Give n(4).
975
Let o(n) = -47*n**2 + 771*n + 56. Determine o(17).
-420
Let q(o) = 3*o**3 - 961*o**2 - 165298*o - 744. What is q(-124)?
0
Let u(x) = -x**3 - 4*x**2 + 146*x + 838. What is u(-10)?
-22
Let i(g) = 5*g**3 - 50*g**2 + 51*g - 3. Give i(9).
51
Let w(s) = 46*s**2 + 474*s + 1399. Give w(-7).
335
Let u(v) = v**3 + 123*v**2 + 1936*v + 609. Determine u(-105).
-4221
Let g(o) = -o**3 + 131*o**2 - 215*o - 4656. Give g(129).
891
Let t(a) = -2*a**3 - 41*a**2 + 331*a + 7356. What is t(-19)?
-16
Let p(k) = -2*k**2 - 43*k + 392. Calculate p(7).
-7
Let x(h) = 10*h**2 + 572*h - 4350. Determine x(-64).
2
Let h(j) = 15803*j - 979713. Calculate h(62).
73
Let j(t) = -829*t + 5675. Give j(7).
-128
Let u(s) = -999*s + 523477. What is u(524)?
1
Let n(b) = -104*b**2 - 3656*b + 90. Calculate n(-35).
650
Let g(k) = 131*k**2 + 1035*k - 37. Calculate g(-8).
67
Let t(i) = 476*i + 2736. Give t(-6).
-120
Let f(o) = 6*o**2 + 40*o + 562. Calculate f(-12).
946
Let u(v) = 42*v**2 + 17346*v - 5. Calculate u(-413).
-5
Let k(p) = 314*p + 25902. Calculate k(-87).
-1416
Let b(j) = 1728*j + 16325. Determine b(-12).
-4411
Let b(m) = -6*m**2 - 483*m + 3177. What is b(6)?
63
Let f(r) = 578*r**2 + 6938*r - 7501. Give f(-13).
-13
Let i(t) = 14598*t + 131441. Determine i(-9).
59
Let i(c) = -11869*c + 94754. Give i(8).
-198
Let h(x) = x**2 + 12*x - 11794. What is h(101)?
-381
Let g(j) = 19973*j + 479343. Calculate g(-24).
-9
Let x(o) = 3*o**3 + 9*o**2 + 127462*o + 254914. What is x(-2)?
2
Let z(s) = 13637*s + 354563. Calculate z(-26).
1
Let o(v) = -18003*v - 342051. What is o(-19)?
6
Let f(g) = 18653*g - 18849. Calculate f(1).
-196
Let u(z) = 5*z**3 - 163*z**2 - 988*z + 25496. Determine u(34).
-4
Let y(n) = -1633*n + 3499. Calculate y(2).
233
Let q(c) = -2*c**3 + 387*c**2 + 8081*c + 103. Give q(-19).
-11
Let z(a) = 1031*a - 347. What is z(1)?
684
Let l(t) = -83*t**3 - t**2 - 120*t + 370. Calculate l(3).
-2240
Let s(w) = w**3 + 37*w**2 - 8032*w - 121. Calculate s(-110).
99
Let s(u) = -222*u - 23065. Determine s(-114).
2243
Let c(y) = 12896*y - 270808. Determine c(21).
8
Let p(k) = -2*k**3 - 31*k**2 - 216*k - 562. What is p(-5)?
-7
Let r(h) = -1485*h + 91. Give r(0).
91
Let u(d) = -12*d**3 - 527*d**2 - 34*d - 3304. Give u(-44).
128
Let p(o) = -o**3 - 58*o**2 + 441*o + 87. Calculate p(7).
-11
Let w(q) = q**2 + 506461*q - 5064735. Determine w(10).
-25
Let f(n) = 905*n**2 + 4326*n - 1015. What is f(-5)?
-20
Let r(y) = -86*y**2 - 337*y - 93. What is r(-4)?
-121
Let p(s) = s**2 + 327*s - 7283. What is p(-348)?
25
Let o(q) = -q**3 - q**2 + 57*q + 36. Give o(-5).
-149
Let p(m) = m**3 - 21*m**2 + 95*m - 57281. Calculate p(46).
-11
Let a(w) = 1646*w - 72336. Determine a(44).
88
Let f(j) = 1421*j + 9943. What is f(-7)?
-4
Let u(t) = 11917*t - 1251412. Calculate u(105).
-127
Let o(b) = -23*b**2 - 262*b + 2575. Determine o(-18).
-161
Let o(n) = 75*n - 2408. Give o(44).
892
Let j(q) = 289*q - 9679. Give j(34).
147
Let k(v) = -373*v - 13432. Give k(-36).
-4
Let u(j) = -6860*j - 71722. Determine u(-10).
-3122
Let v(u) = u**2 - 5090*u + 176919. Calculate v(35).
-6
Let z(j) = 1504*j - 1770. Give z(1).
-266
Let y(h) = -98*h + 8815. What is y(99)?
-887
Let q(y) = -22*y**2 - 3856*y + 10676. Calculate q(-178).
-4
Let b(c) = -253*c - 11830. Give b(-43).
-951
Let j(g) = 4609*g - 493135. Give j(107).
28
Let i(z) = 10739*z + 8795250. Determine i(-819).
9
Let z(w) = w**3 - 185*w**2 + 208*w - 4572. Calculate z(184).
-156
Let n(p) = 3*p**2 + 1150*p + 39608. What is n(-345)?
-67
Let w(f) = -78*f**2 + 11753*f + 3769. Determine w(151).
-6
Let o(b) = 222*b + 5595. What is o(-23)?
489
Let w(z) = 110777*z - 8419043. Calculate w(76).
9
Let z(a) = a**2 - 70*a - 2407. What is z(95)?
-32
Let g(k) = 26569*k - 22310. What is g(1)?
4259
Let w(q) = -q**2 + 79*q - 1250. Calculate w(21).
-32
Let i(o) = -5*o**3 + 21*o**2 + 7*o + 26. Calculate i(5).
-39
Let x(s) = s**3 - 64*s**2 + 296*s + 58. Give x(59).
117
Let r(c) = -15*c**3 - 62*c**2 + 361*c - 419. What is r(4)?
-927
Let u(p) = -8*p**2 + 584*p - 582. What is u(72)?
-6
Let b(u) = 2*u**3 + 583*u**2 + 240*u - 14808. Give b(-291).
33
Let s(n) = -1539*n - 178642. What is s(-116)?
-118
Let m(a) = 22*a**2 + 729*a - 63. Calculate m(-33).
-162
Let a(g) = 4477*g - 156562. Calculate a(35).
133
Let n(r) = 2*r**3 + 152*r**2 + 2713*r - 294. Calculate n(-29).
83
Let z(t) = -7*t**3 + 6*t**2 - 72*t - 234. Determine z(-3).
225
Let x(o) = o**2 + 2878*o - 140429. Calculate x(48).
19
Let x(c) = -4*c**3 - 14*c**2 + 277*c - 80. What is x(-15)?
6115
Let a(o) = -2*o**3 - 3*o**2 - 6679*o - 20065. Give a(-3).
-1
Let g(t) = 8*t**2 + 106*t - 71. Calculate g(-16).
281
Let a(x) = 1190*x + 28052. What is a(-23)?
682
Let a(v) = 623*v - 319140. Give a(512).
-164
Let v(c) = -c**3 + 27*c**2 - 101*c - 40. Give v(5).
5
Let b(x) = -x**3 + 59*x**2 + 171*x + 972. Determine b(62).
42
Let v(j) = 56337*j + 56047. Determine v(-1).
-290
Let t(v) = 2*v**2 + 298*v - 1530. Calculate t(5).
10
Let w(i) = -293*i + 28140. Calculate w(96).
12
Let j(f) = 95*f - 7018. Calculate j(81).
677
Let r(p) = 1565*p + 4223. What is r(-3)?
-472
Let u(i) = 15800*i + 236940. Determine u(-15).
-60
Let o(b) = -b**3 - 80*b**2 + 30804*b - 583. Give o(140).
-23
Let a(i) = 2*i**3 + 50*i**2 - 79*i + 757. What is a(-27)?
-26
Let d(w) = 351840*w - 4573911. Determine d(13).
9
Let g(b) = 1063*b - 17145. Calculate g(16).
-137
Let b(t) = 38281*t + 421083. Calculate b(-11).
-8
Let k(m) = -m**3 + 9*m**2 + 63*m - 472. Give k(6).
14
Let u(c) = -12510*c - 375148. Calculate u(-30).
152
Let v(g) = -2*g**3 - 477*g**2 - 1350*g + 207. What is v(-3)?
18
Let q(i) = -3*i**2 - 143*i - 23. What is q(-50)?
-373
Let y(s) = 76301*s + 2517937. Calculate y(-33).
4
Let d(y) = -24*y**3 + 40*y**2 + 685*y - 723. What is d(1)?
-22
Let t(u) = -800*u - 96816. Give t(-121).
-16
Let t(y) = y**3 + 120*y**2 - 713*y - 98974. Calculate t(-119).
34
Let l(b) = -b**3 + 34*b**2 - 255*b - 514. Calculate l(16).
14
Let z(d) = -d**2 + 194*d - 3189. Determine z(57).
4620
Let w(y) = -6491*y - 4751413. Give w(-732).
-1
Let d(m) = -m**2 - 1456*m - 39004. Calculate d(-27).
-421
Let s(u) = 8*u**2 + 335*u + 3580. Determine s(-22).
82
Let f(m) = -543*m - 94495. What is f(-174)?
-13
Let q(t) = t**2 + 16*t - 905. What is q(-46)?
475
Let k(o) = -2*o**2 + 104*o + 46760. Calculate k(-129).
62
Let h(n) = -38827*n - 34439548. Determine h(-887).
1
Let h(i) = -i**2 + 13*i + 9600. Determine h(-93).
-258
Let q(z) = -3*z**2 - 30029*z - 569472. What is q(-19)?
-4
Let h(k) = -k**2 + 433*k + 124715. Calculate h(-198).
-223
Let y(v) = -2*v**2 + 947*v + 415706. Calculate y(-277).
-71
Let g(t) = 5611*t - 33639. What is g(6)?
27
Let u(z) = -13189*z - 540691. Determine u(-41).
58
Let o(p) = -523*p + 110. Give o(0).
110
Let l(w) = -7*w**2 + 6466*w + 32504. Determine l(-5).
-1
Let n(x) = -12*x**2 - 114*x + 1846. Give n(-18).
10
Let x(d) = -322*d + 4940. Give x(16).
-212
Let k(j) = -89*j**2 + 1140*j + 462. What is k(13)?
241
Let g(m) = -8*m**3 - 1430*m**2 - 18148*m + 334. Calculate g(-165).
4
Let k(z) = z**3 + 11*z**2 + 356*z + 3774. Calculate k(-11).
-142
Let n(u) = 907*u - 63477. What is n(70)?
13
Let q(w) = -w**3 + 11*w**2 + 21*w + 642. Determine q(15).
57
Let x(j) = 12430*j - 559358. Give x(45).
-8
Let f(v) = -68140*v + 1567221. What is f(23)?
1
Let a(w) = -49464*w + 346262. Determine a(7).
14
Let f(b) = -b**3 + 15*b**2 - 3206*b - 16587. Calculate f(-5).
-57
Let l(y) = -y**2 - 148*y + 6677. What is l(36)?
53
Let b(t) = -9*t**3 - 285*t**2 + 48*t - 538. Give b(-32).
998
Let d(o) = 6557*o - 583515. Give d(89).
58
Let j(r) = -5*r**3 + 49*r**2 + 68*r - 681. Calculate j(13).
-2501
Let c(d) = 198*d**2 - 3512*d + 14883. What is c(7)?
1
Let x(d) = -d**3 - 23*d**2 + 66*d - 577. What is x(-29)?
2555
Let u(n) = -19822*n + 37. Determine u(0).
37
Let t(a) = 20*a**3 - 57*a**2 - 97*a + 274. Determine t(3).
10
Let h(g) = -50*g + 8590. Calculate h(185).
-660
Let q(o) = -150*o**2 + 1924*o + 54. Calculate q(13).
-284
Let u(o) = 59521*o + 833438. What is u(-14)?
144
Let r(g) = -577*g + 660. Calculate r(1).
83
Let j(k) = -k**2 + 377*k + 25243. Determine j(-58).
13
Let c(q) = -29785*q + 25049183. Determine c(841).
-2
Let s(x) = 1184*x**2 + 55*x + 26. What is s(-1)?
1155
Let o(c) = -c